at are the prime factors of 179498223?
3, 17, 1173191
List the prime factors of 991006234.
2, 433, 1144349
List the prime factors of 54948919.
137, 401087
List the prime factors of 1396915090.
2, 5, 139691509
List the prime factors of 56366089.
13, 4335853
List the prime factors of 683287360.
2, 5, 7, 43577
What are the prime factors of 2232689904?
2, 3, 149, 104059
What are the prime factors of 723764529?
3, 23, 853, 4099
What are the prime factors of 382333329?
3, 7, 866969
List the prime factors of 98130126.
2, 3, 16355021
What are the prime factors of 38979158?
2, 23, 847373
What are the prime factors of 2318210827?
7207, 321661
List the prime factors of 9334686.
2, 3, 1555781
List the prime factors of 336203043.
3, 11, 19, 101, 5309
What are the prime factors of 190364277?
3, 71, 163, 5483
What are the prime factors of 277451130?
2, 3, 5, 11, 840761
List the prime factors of 1656055415.
5, 7, 67, 706207
List the prime factors of 1243238563.
7, 79, 2248171
List the prime factors of 227724610.
2, 5, 23, 79, 83, 151
List the prime factors of 490198130.
2, 5, 67, 731639
List the prime factors of 663187265.
5, 13, 784837
What are the prime factors of 201858555?
3, 5, 43, 131, 2389
List the prime factors of 5310344564.
2, 7, 189655163
What are the prime factors of 11471759?
13, 41, 21523
What are the prime factors of 2154880759?
593, 3633863
What are the prime factors of 73459901?
2713, 27077
List the prime factors of 325739446.
2, 162869723
What are the prime factors of 210274785?
3, 5, 7, 17, 4363
List the prime factors of 1110031792.
2, 69376987
What are the prime factors of 2041659949?
7, 291665707
What are the prime factors of 18681623?
17, 31, 35449
What are the prime factors of 25875777?
3, 19, 453961
List the prime factors of 31385234.
2, 15692617
What are the prime factors of 34494959?
34494959
List the prime factors of 41952871.
79, 367, 1447
List the prime factors of 2763382786.
2, 32371, 42683
List the prime factors of 2175408312.
2, 3, 7, 11, 211, 797
List the prime factors of 350503131.
3, 11, 10621307
List the prime factors of 531657203.
7, 11, 29, 43, 113
List the prime factors of 29111096.
2, 7, 103
What are the prime factors of 236793861?
3, 1327, 2203
List the prime factors of 3293552884.
2, 137, 239, 25147
What are the prime factors of 318803475?
3, 5, 179, 23747
List the prime factors of 1080023729.
1907, 566347
What are the prime factors of 179273525?
5, 41, 174901
List the prime factors of 242488084.
2, 37, 761, 2153
List the prime factors of 1939029824.
2, 863, 35107
What are the prime factors of 1360651197?
3, 1151, 394049
What are the prime factors of 206301283?
23, 47, 190843
List the prime factors of 53594641.
43, 1246387
What are the prime factors of 1250671199?
79, 15831281
What are the prime factors of 8189087?
17, 127, 3793
List the prime factors of 282614605.
5, 7, 13, 89, 997
What are the prime factors of 33284749?
23, 233, 6211
What are the prime factors of 67846982?
2, 7, 4846213
What are the prime factors of 41034565?
5, 11, 13, 29, 1979
List the prime factors of 322721841.
3, 13, 8274919
List the prime factors of 2036638038.
2, 3, 199, 223, 7649
What are the prime factors of 3670552150?
2, 5, 139, 528137
What are the prime factors of 958189801?
71, 13495631
List the prime factors of 12254262.
2, 3, 23, 88799
List the prime factors of 742641712.
2, 79, 587533
What are the prime factors of 581159818?
2, 677, 429217
What are the prime factors of 207633131?
207633131
What are the prime factors of 111848695?
5, 7, 17, 317, 593
List the prime factors of 1035398268.
2, 3, 23, 101, 4127
What are the prime factors of 105134151?
3, 35044717
What are the prime factors of 631578678?
2, 3, 37, 41, 69389
What are the prime factors of 5769646?
2, 2884823
What are the prime factors of 155514003?
3, 2237, 23173
List the prime factors of 2943110774.
2, 23, 1291, 49559
What are the prime factors of 5077367?
5077367
What are the prime factors of 4197908251?
4197908251
What are the prime factors of 44979054?
2, 3, 2161, 3469
What are the prime factors of 214263998?
2, 13, 23, 358301
List the prime factors of 479486810.
2, 5, 11, 1231, 3541
List the prime factors of 1040356597.
7, 251, 592121
What are the prime factors of 42198485?
5, 7, 193, 6247
List the prime factors of 57015300.
2, 3, 5, 190051
List the prime factors of 46898481.
3, 7, 29, 53, 1453
List the prime factors of 1858305916.
2, 283, 1641613
List the prime factors of 7380345447.
3, 820038383
What are the prime factors of 1200567477?
3, 3697, 108247
List the prime factors of 94838809.
13, 47, 155219
What are the prime factors of 7727424?
2, 3, 167, 241
What are the prime factors of 1257755873?
11, 1051, 108793
List the prime factors of 677426289.
3, 61, 3701783
List the prime factors of 3251578710.
2, 3, 5, 97, 821, 1361
What are the prime factors of 2021161348?
2, 17, 59, 503779
List the prime factors of 220865657.
220865657
List the prime factors of 74225711.
7, 151, 70223
What are the prime factors of 98179985?
5, 23, 853739
List the prime factors of 736656203.
21379, 34457
What are the prime factors of 212410288?
2, 317, 41879
What are the prime factors of 11710386?
2, 3, 216859
What are the prime factors of 1013042920?
2, 5, 17, 1489769
List the prime factors of 1758417933.
3, 17, 37, 931859
List the prime factors of 62172570.
2, 3, 5, 17, 71, 101
List the prime factors of 61235558.
2, 181, 169159
List the prime factors of 477844675.
5, 7, 11, 248231
List the prime factors of 244302856.
2, 7, 4362551
List the prime factors of 378673052.
2, 257, 368359
What are the prime factors of 45911337?
3, 15303779
What are the prime factors of 147949591?
281, 526511
List the prime factors of 28103309.
13, 23, 193, 487
List the prime factors of 108222920.
2, 5, 13, 208121
What are the prime factors of 105607419?
3, 1213, 29021
List the prime factors of 33214670.
2, 5, 3321467
What are the prime factors of 6927478?
2, 467, 7417
What are the prime factors of 112946519?
7, 293, 7867
List the prime factors of 95564993.
95564993
List the prime factors of 843711.
3, 11, 37, 691
What are the prime factors of 315876372?
2, 3, 7, 3760433
List the prime factors of 4685188909.
101, 46388009
List the prime factors of 113009982.
2, 3, 17, 65173
What are the prime factors of 25392157?
7, 3627451
What are the prime factors of 1145026588?
2, 286256647
What are the prime factors of 110627491?
13, 1447, 5881
List the prime factors of 121508968.
2, 7, 2169803
List the prime factors of 4081231177.
4081231177
What are the prime factors of 2879571?
3, 103, 9319
List the prime factors of 119242951.
53, 2249867
List the prime factors of 4249895446.
2, 2124947723
List the prime factors of 114633920.
2, 5, 337, 1063
What are the prime factors of 1361941077?
3, 7, 17, 3814961
What are the prime factors of 1782017402?
2, 11, 317, 255523
List the prime factors of 494637785.
5, 5927, 16691
What are the prime factors of 987849306?
2, 3, 487, 112691
What are the prime factors of 5056703?
569, 8887
What are the prime factors of 2725682135?
5, 11, 49557857
What are the prime factors of 403506?
2, 3, 29, 773
List the prime factors of 45461538.
2, 3, 41, 229, 269
List the prime factors of 2185820811.
3, 113, 2149283
What are the prime factors of 230757272?
2, 28844659
What are the prime factors of 131543272?
2, 7, 2348987
What are the prime factors of 19850172?
2, 3, 79, 20939
List the prime factors of 3087723276.
2, 3, 11, 7797281
List the prime factors of 56602249.
11, 31, 127, 1307
What are the prime factors of 3576107757?
3, 37, 32217187
What are the prime factors of 346975591?
31, 2239, 4999
List the prime factors of 249231124.
2, 401, 155381
What are the prime factors of 117483751?
7, 11, 1525763
What are the prime factors of 469069939?
13, 587, 61469
List the prime factors of 72153007.
257, 280751
What are the prime factors of 110302844?
2, 27575711
List the prime factors of 34565632.
2, 67511
What are the prime factors of 651710900?
2, 5, 1427, 4567
List the prime factors of 63855939.
3, 7, 31, 47, 2087
What are the prime factors of 75681016?
2, 9460127
List the prime factors of 47300019.
3, 13, 41, 29581
What are the prime factors of 116713865?
5, 19, 1228567
What are the prime factors of 706579